lculate the highest common divisor of z and 17.
17
Let n(p) = p**3 + p + 234. Let j be n(0). Suppose -2*t - 3*a = -2*a + 427, -3*a = 4*t + 857. Let w = -186 - t. Calculate the highest common factor of j and w.
26
Suppose 1547*p - 2643 = 22109. Let m(r) = r. Let q be m(0). Suppose 3*j = -q*j + 6. Calculate the highest common divisor of j and p.
2
Let n = -253 + 91. Let j be (-6)/(-21) - (n/21 - -5). Suppose -l + 672 = l - a, 4*l + j*a = 1344. Calculate the highest common factor of l and 56.
56
Let h = -29 + -29. Let g = 60 + h. Suppose g*p + 2*p = 44. Calculate the greatest common factor of 143 and p.
11
Let c(q) = 3*q + 5*q + 9*q - 45 - 40. Let p be c(8). What is the highest common factor of 119 and p?
17
Suppose -19*m - 13*m + 3*m + 44979 = 0. What is the greatest common divisor of 11 and m?
11
Suppose 0 = -3*p + 5*p - 220. Suppose -4*u + 122 = -p. Let g = 267 - u. Calculate the highest common factor of g and 19.
19
Let n = -27 + 43. Suppose -5*l = -3*g - 15 - 8, -4*g + n = 5*l. Let u be 154/231 - 34/(-3). Calculate the greatest common divisor of l and u.
4
Let n(p) = -7*p**2 - 3. Let z be n(-5). Let r = 333 + z. Calculate the greatest common divisor of r and 93.
31
Suppose 3*w = -4*s + 441, -24*w + 20*w - 528 = -5*s. What is the greatest common divisor of 138 and s?
6
Suppose 0 = c + y - 512 + 201, 2*c + 3*y - 629 = 0. What is the highest common divisor of 104 and c?
8
Let r = 1 + -1. Let v be 0 + -8 - (-49 + 17). Suppose r = z - 76 + v. Calculate the highest common divisor of z and 78.
26
Suppose 75*t = 69*t + 1062. Calculate the highest common divisor of t and 2537.
59
Let j be 6148/48 - (-4)/(-48). What is the highest common factor of j and 296?
8
Suppose 98 = -9*p + 53. Let g be (-2 - -4) + p - 13*-1. Calculate the highest common factor of 45 and g.
5
Suppose -203 = 2177*v - 2206*v. Let o(r) = r. Let g be o(2). Suppose -5*m + 10 + 14 = -n, -m + 3 = -g*n. What is the greatest common factor of v and n?
1
Let n be 126/8*(-1296)/(-486). Let s be (-318)/(-9) + 1/(-3). Calculate the greatest common factor of s and n.
7
Let z be 0 + 0 - (-57 - -96). Let r be 2/(-6)*z + 3. What is the greatest common divisor of r and 16?
16
Let j be ((-5)/(140/12))/((-1)/7). Suppose 1 = -u, j*v + 0*v - u - 73 = 0. Calculate the highest common factor of 168 and v.
24
Let u = 243 + -239. Let b = -8 + -13. Let f = 31 + b. What is the greatest common factor of f and u?
2
Suppose -9*v = -4*v - 315. Let y(i) = i**3 + 423*i**2 - 2998*i + 5205. Let n be y(-430). What is the highest common divisor of v and n?
9
Let t(k) = k + 27. Suppose 9*z - 6*z + 21 = 0. Let u be t(z). Let h = 27 - u. Calculate the highest common divisor of h and 21.
7
Let g(a) = a**3 + 27*a**2 + 12*a - 89. Let r be g(-26). Calculate the greatest common factor of r and 3.
1
Let u(z) = 13*z + 718. Let r be u(31). Calculate the highest common divisor of 413 and r.
59
Let m(c) = 2*c**3 - 86*c**2 + 5*c - 212. Let o be m(43). Suppose 5*v = v + 492. Calculate the greatest common factor of v and o.
3
Let p(r) = 64*r + 61. Let h(w) = -64*w - 64. Let f(m) = -4*h(m) - 5*p(m). Let z be f(-9). Calculate the highest common divisor of 31 and z.
31
Let s = 39 - 30. Suppose 3*u + 2 = 5*u. Let x = u + 17. Calculate the greatest common factor of x and s.
9
Let w(y) = -2*y**3 - 23*y**2 + 13*y + 80. Let k be w(-13). What is the greatest common factor of k and 152?
38
Let u be (211882/12 - -1) + (-248)/(-1488). What is the highest common divisor of 162 and u?
162
Let k(r) = 10*r - 202. Let s be k(41). Calculate the greatest common factor of 16 and s.
16
Let c(o) = -o**3 + 6*o**2 - 5*o + 4. Let h be c(3). Let t be 9 + (14 + -2)/(-4) + 10. Calculate the greatest common factor of h and t.
16
Suppose -3*r + 2*l - 5 = -64, -3*r + 5*l = -62. Suppose 30 = 3*n - 3*w, 3*n - 15*w = -r*w - 5. What is the highest common factor of n and 160?
5
Let f = -898 + 906. Suppose -3*g = -0*g - 3*j + 12, -4*g - 4*j + 16 = 0. Suppose 6*r - 3*r - 72 = g. What is the highest common divisor of r and f?
8
Suppose 12*x + 16*x + 13*x = 697. What is the greatest common divisor of x and 1037?
17
Let b(c) = 55*c**2 + 3*c. Let j be 9*((-8)/3 - -3). Let g be b(j). Suppose h = 9*h - g. Calculate the highest common factor of h and 7.
7
Suppose 129 - 52657 = -4*u. Let i be u/21 + -2 + (-10)/(-6). Suppose 0 = 5*p - i + 190. What is the greatest common divisor of 29 and p?
29
Let x(h) = -h**3 + 28*h**2 - 34*h - 16. Let o be x(17). Calculate the greatest common divisor of 275 and o.
55
Suppose -37*z - 5261 = 2102. Let d = 214 + z. Let w = 78 - 3. Calculate the greatest common factor of w and d.
15
Let v be (100/(-200))/(1 + 1461/(-1458)). What is the greatest common divisor of v and 135?
27
Let w(o) = -225*o + 2546. Let l be w(10). Calculate the greatest common factor of l and 168.
8
Suppose -4*o + 1266 = 6239*p - 6240*p, 1572 = 5*o + 4*p. What is the highest common factor of o and 64?
4
Let c(k) = 31*k + 16. Let n be c(5). Let u be 12/(-66) + n/33. Suppose -u*s + 288 = -52. What is the greatest common divisor of 17 and s?
17
Let k be 56/(-728) + (-10609)/(-13). Calculate the highest common factor of 336 and k.
48
Let d be 1/((-14)/(-6)) + (-371190)/(-210). What is the highest common divisor of 39 and d?
13
Let h(i) = -2*i**3 + 144*i**2 + 448*i + 288. Let t be h(75). Calculate the highest common divisor of t and 57132.
138
Let u(m) = -m**3 - 2*m + 2. Let r(i) = 2*i**3 - 8*i**2 + 2*i - 3. Let l(k) = -r(k) - 3*u(k). Let o be l(-5). What is the highest common divisor of o and 16?
4
Suppose -3*g - g = 3*r - 488, 5*r + 4*g - 800 = 0. Let x be (-334)/(-26) + 24/r. What is the highest common factor of 481 and x?
13
Suppose 0 = -5*n - d - 2*d + 5889, 3*n - d = 3525. Let g(c) = 6*c**2 + 1109*c - 3551. Let m be g(-188). Calculate the greatest common factor of n and m.
21
Suppose -5*o + 7215 = 2*j, -5*o = j + 2*j - 10845. What is the greatest common factor of 90 and j?
30
Suppose 17*n - 13*n - 2496 = 3*h, 4*h + 1872 = 3*n. What is the highest common divisor of n and 637?
13
Suppose 3*z - 35 = 10. Suppose q - 15 = -28*k + 29*k, -5*q = 8*k - 205. What is the highest common divisor of q and z?
5
Suppose -14 = -o - 6. Let v(c) = -4 + 0*c - 12 + 4*c - 4. Let l be v(9). Calculate the highest common divisor of o and l.
8
Let v be ((-3)/4)/(5/(-20)) - -4. Suppose -5*t = -4*b - v*t + 220, 2*b + 4*t = 116. What is the greatest common divisor of 72 and b?
18
Let j be 287/(-2)*(-156)/(-91). Let h = j + 270. What is the greatest common factor of h and 84?
12
Suppose 4*b + 100 = -3*l, 3*l = -7*b + 8*b - 125. Let g be ((-15)/(-3) - l) + 5. What is the greatest common divisor of g and 1150?
50
Let i = 1809 - 1784. Calculate the highest common factor of i and 29675.
25
Suppose -31*r = -3*r - 84. Suppose -r*i - 562 = -1480. What is the highest common divisor of 34 and i?
34
Let p = 8 + -8. Let i(f) = f + 2. Let d be i(p). Suppose 867*h = 850*h + 136. Calculate the highest common divisor of h and d.
2
Suppose 58 = 45*b - 32. Let u = 12 - 3. What is the highest common factor of b and u?
1
Let o be ((-54)/(-30))/((-18)/(-540)). Calculate the greatest common divisor of o and 6390.
18
Let z be 874/4 + 175/(-50). What is the greatest common divisor of z and 172?
43
Suppose 3*d = 5*u + d - 59, -2*d = 5*u - 71. Let p be 218*(6 + -4)/(-4). Let v be -3 - (p - 2) - 4. Calculate the greatest common divisor of v and u.
13
Let j(m) = m**3 + 53*m**2 + 4*m + 220. Let n be j(-53). What is the greatest common divisor of n and 116?
4
Let c be (-1)/((15/54)/(-5)). Suppose b + 17*y = 20*y + 156, 2*b - 2*y = 296. Calculate the greatest common divisor of c and b.
18
Suppose 5*l + 72*i = 71*i + 4562, 2*i = 4. Calculate the highest common factor of l and 120.
24
Let y be 60/(-16)*(-5)/(75/40). Calculate the greatest common divisor of y and 196.
2
Suppose 0*z + 2*z = -26. Let y be (-1)/((-1)/1) - z. Let d(b) = 5*b**2 - 132*b + 80. Let x be d(26). What is the greatest common factor of x and y?
14
Suppose -165 = -6*h - 849. Let b = h + 314. Suppose 2*q - 4*m - 83 = -3*m, 15 = -5*m. What is the highest common factor of q and b?
40
Let h(n) = -257*n**3 - 2*n**2 - n. Let k be h(-1). Suppose 7*o - 9*o = 4*f - 132, -162 = -5*f - o. Calculate the highest common factor of k and f.
32
Suppose 13*g - 40 = 5*g. Suppose -2*